{"id":22,"date":"2019-04-04T19:49:20","date_gmt":"2019-04-04T17:49:20","guid":{"rendered":"http:\/\/www.main-hotel-eckert.de\/w5mhe\/?page_id=22"},"modified":"2019-05-07T16:27:17","modified_gmt":"2019-05-07T14:27:17","slug":"impressum","status":"publish","type":"page","link":"https:\/\/mheuk.pre2press.de\/?page_id=22","title":{"rendered":"Impressum &#038; Agb"},"content":{"rendered":"<p><img loading=\"lazy\" width=\"1024\" height=\"317\" class=\"wp-image-197\" src=\"http:\/\/www.main-hotel-eckert.de\/w5mhe\/wp-content\/uploads\/2019\/04\/start7-1-1024x317.jpg\" alt=\"\" srcset=\"https:\/\/mheuk.pre2press.de\/wp-content\/uploads\/2019\/04\/start7-1-1024x317.jpg 1024w, https:\/\/mheuk.pre2press.de\/wp-content\/uploads\/2019\/04\/start7-1-300x93.jpg 300w, https:\/\/mheuk.pre2press.de\/wp-content\/uploads\/2019\/04\/start7-1-768x238.jpg 768w, https:\/\/mheuk.pre2press.de\/wp-content\/uploads\/2019\/04\/start7-1.jpg 2010w\" sizes=\"(max-width: 1024px) 100vw, 1024px\" \/><\/p>\n<h5><strong>Impressum und Allgemeine Gesch\u00e4ftsbedingungen<\/strong><\/h5>\n<p>Verantwortlich f\u00fcr den Inhalt dieser Homepage:<\/p>\n<p><strong>Main Hotel Eckert****<br \/>\n<\/strong>Friedenstra\u00dfe 41 &#8211; 45<br \/>\nD-97276 Margetsh\u00f6chheim<\/p>\n<p>in Firma:<br \/>\nGesch\u00e4ftsf\u00fchrer: Herr Xingqin Zhang<br \/>\nUSt-ID-Nr.: DE311 917 107<\/p>\n<p>Telefon: +49 (0) 931 &#8211; 46850<br \/>\nTelefax: +49 (0) 931 &#8211; 4685100<br \/>\n<a href=\"mailto:info@main-hotel-eckert.de\">info@main-hotel-eckert.de<\/a><br \/>\n<a href=\"http:\/\/www.main-hotel-eckert.de\">www.Main-Hotel-Eckert.de<\/a><\/p>\n<h5><strong>Allgemeine Gesch\u00e4ftsbedingungen<\/strong><\/h5>\n<p><strong>Haftungsausschluss<\/strong><br \/>\n<strong>1. Inhalt des Onlineangebotes<\/strong><br \/>\nWir \u00fcbernehmen keinerlei Gew\u00e4hr f\u00fcr die Aktualit\u00e4t, Korrektheit, Vollst\u00e4ndigkeit oder Qualit\u00e4t der bereitgestellten Informationen. Haftungsanspr\u00fcche gegen uns, welche sich auf Sch\u00e4den materieller oder ideeller Art beziehen, die durch die Nutzung oder Nichtnutzung der dargebotenen Informationen bzw. durch die Nutzung fehlerhafter und unvollst\u00e4ndiger Informationen verursacht wurden sind grunds\u00e4tzlich ausgeschlossen, sofern unsererseits kein nachweislich vors\u00e4tzliches oder grob fahrl\u00e4ssiges Verschulden vorliegt. Alle Angebote sind freibleibend und unverbindlich. Wir behalten uns ausdr\u00fccklich vor, Teile der Seiten oder das gesamte Angebot ohne gesonderte Ank\u00fcndigung zu ver\u00e4ndern, zu erg\u00e4nzen, zu l\u00f6schen oder die Ver\u00f6ffentlichung zeitweise oder endg\u00fcltig einzustellen.<br \/>\n<strong>2. Datenschutz<\/strong><br \/>\nAuf einigen Seiten wird um die Angabe pers\u00f6nlicher Informationen gebeten. Die Beantwortung dieser Fragen ist, sofern sie nicht f\u00fcr die Bearbeitung Ihrer Anfrage notwendig sind, freiwillig. Ihre Daten werden ausschlie\u00dflich zur Bearbeitung Ihrer Anfragen gespeichert, eine Weitergabe an Dritte erfolgt nicht. Sie haben jederzeit die M\u00f6glichkeit mit einer E-Mail oder auf postalischem Wege die Nutzung Ihrer Daten zu untersagen. Wir sichern zu, dass Ihre Angaben entsprechend den geltenden datenschutz- rechtlichen Bestimmungen vertraulich behandelt werden.<br \/>\n<strong>3. Urheber- und Kennzeichenrecht<\/strong><br \/>\nWir sind bestrebt, in allen Publikationen die Urheberrechte der verwendeten Bilder, Grafiken, Tondokumente, Videosequenzen und Texte zu beachten, von uns selbst erstellte Bilder, Grafiken, Tondokumente, Videosequenzen und Texte zu nutzen, oder auf lizenzfreie Bilder, Grafiken, Tondokumente, Videosequenzen und Texte zur\u00fcckzugreifen. Alle innerhalb des Internetangebotes genannten und ggf. durch Dritte gesch\u00fctzten Marken- und Warenzeichen unterliegen uneingeschr\u00e4nkt den Bestimmungen des jeweils g\u00fcltigen Kennzeichenrechts und den Besitzrechten der jeweiligen eingetragenen Eigent\u00fcmer. Allein aufgrund der blo\u00dfen Nennung ist nicht der Schluss zu ziehen, dass Markenzeichen nicht durch Rechte Dritter gesch\u00fctzt sind! Das Copyright f\u00fcr ver\u00f6ffentlichte, von uns selbst erstellte Objekte bleibt allein bei uns. Eine Vervielf\u00e4ltigung oder Verwendung der in dieser Internetpr\u00e4senz verwendeten Bilder, Grafiken, Tondokumente, Videosequenzen und Texte in anderen elektronischen oder gedruckten Publikationen ist ohne unsere ausdr\u00fcckliche Zustimmung oder die der jeweiligen eingetragenen Eigent\u00fcmer nicht gestattet.<br \/>\n<strong>4. Verweise und Links<\/strong><br \/>\nBei direkten oder indirekten Verweisen auf fremde Internetseiten (&#8222;Links&#8220;), die au\u00dferhalb unseres Verantwortungsbereiches liegen, w\u00fcrde eine Haftungsverpflichtung ausschlie\u00dflich in dem Fall in Kraft treten, in dem wir von den Inhalten Kenntnis haben und es uns technisch m\u00f6glich und zumutbar w\u00e4re, die Nutzung im Falle rechtswidriger Inhalte zu verhindern. Wir erkl\u00e4ren daher ausdr\u00fccklich, dass zum Zeitpunkt der Linksetzung die entsprechenden verlinkten Seiten frei von illegalen Inhalten waren. Wir haben keinerlei Einfluss auf die aktuelle und zuk\u00fcnftige Gestaltung und auf die Inhalte der gelinkten\/verkn\u00fcpften Seiten. Deshalb distanzieren wir uns hiermit ausdr\u00fccklich von allen Inhalten aller gelinkten \/verkn\u00fcpften Seiten, die nach der Linksetzung ver\u00e4ndert wurden. Diese Feststellung gilt f\u00fcr alle innerhalb unseres Internetangebotes gesetzten Links und Verweise sowie f\u00fcr Fremdeintr\u00e4ge in von uns eingerichteten G\u00e4steb\u00fcchern, Diskussionsforen und Mailinglisten. F\u00fcr illegale, fehlerhafte oder unvollst\u00e4ndige Inhalte und insbesondere f\u00fcr Sch\u00e4den, die aus der Nutzung oder Nichtnutzung solcherart dargebotener Informationen entstehen, haftet allein der Anbieter der Seite, auf welche verwiesen wurde, nicht derjenige, der \u00fcber Links auf die jeweilige Ver\u00f6ffentlichung lediglich verweist.<br \/>\n<strong>5. Google Analytics<\/strong><br \/>\nSollte diese Website Google Analytics benutzen, einen Webanalysedienst der Google Inc. (&#8222;Google&#8220;), gilt folgendes: Google Analytics verwendet sog. &#8222;Cookies&#8220;, Textdateien, die auf Ihrem Computer gespeichert werden und die eine Analyse der Benutzung der Website durch Sie erm\u00f6glichen. Die durch den Cookie erzeugten Informationen \u00fcber Ihre Benutzung dieser Website (einschlie\u00dflich Ihrer IP-Adresse) wird an einen Server von Google in den USA \u00fcbertragen und dort gespeichert. Google wird diese Informationen benutzen, um Ihre Nutzung der Website auszuwerten, um Reports \u00fcber die Websiteaktivit\u00e4ten f\u00fcr die Websitebetreiber zusammenzustellen und um weitere mit der Websitenutzung und der Internetnutzung verbundene Dienstleistungen zu erbringen. Auch wird Google diese Informationen gegebenenfalls an Dritte \u00fcbertragen, sofern dies gesetzlich vorgeschrieben oder soweit Dritte diese Daten im Auftrag von Google verarbeiten. Google wird in keinem Fall Ihre IP-Adresse mit anderen Daten von Google in Verbindung bringen. Sie k\u00f6nnen die Installation der Cookies durch eine entsprechende Einstellung Ihrer Browser Software verhindern; wir weisen Sie jedoch darauf hin, dass Sie in diesem Fall gegebenenfalls nicht s\u00e4mtliche Funktionen dieser Website vollumf\u00e4nglich nutzen k\u00f6nnen. Durch die Nutzung dieser Website erkl\u00e4ren Sie sich mit der Bearbeitung der \u00fcber Sie erhobenen Daten durch Google, in der zuvor beschriebenen Art und Weise und zu dem zuvor benannten Zweck einverstanden.<br \/>\n<strong>6. Facebook-Plugins<\/strong><br \/>\nSollten in dieser Internetpr\u00e4senz Plugins des sozialen Netzwerks Facebook(1601 South California Avenue, Palo Alto, CA 94304, USA) integriert sein, gilt folgendes:<br \/>\nDie Facebook-Plugins erkennen Sie an Facebook-Logos und &#8222;Like-Buttons&#8220; bzw. &#8222;Gef\u00e4llt mir-Buttons&#8220;. Eine \u00dcbersicht \u00fcber die verschiedenen Facebook-Plugins finden Sie hier:<br \/>\n<a href=\"http:\/\/developers.facebook.com\/docs\/plugins\/\"><em>http:\/\/developers.facebook.com\/docs\/plugins\/<\/em><\/a><br \/>\nBei Ihrem Besuch auf unserer Internetpr\u00e4senz kann \u00fcber das Plugin eine direkte Verbindung zwischen Ihrem Browser und dem Facebook-Server hergestellt werden. Facebook erh\u00e4lt hierdurch die Information, dass Sie mit Ihrer IP-Adresse unsere Internetpr\u00e4senz besucht haben. In dem Sie den Facebook &#8222;Like-Button&#8220; anklicken, w\u00e4hrend Sie in Ihrem Facebook-Account eingeloggt sind, k\u00f6nnen Sie die Inhalte unserer Internetpr\u00e4senz auf Ihrem Facebook-Profil verlinken, wodurch Facebook den Besuch unserer Internetpr\u00e4senz Ihrem Benutzerkonto zuordnet. Als Anbieter unserer Internetpr\u00e4senz, haben wir keine Kenntnis vom Inhalt \u00fcbermittelter Daten und deren anschlie\u00dfenden Nutzung durch Facebook. Informationen finden Sie in der Datenschutzerkl\u00e4rung von facebook: <a href=\"http:\/\/de-de.facebook.com\/policy.php\"><em>http:\/\/de-de.facebook.com\/policy.php<\/em><\/a><br \/>\nWenn Sie m\u00f6chten, dass Facebook Ihren Besuch unserer Internetpr\u00e4senz nicht Ihrem Facebook-Nutzerkonto zuordnen kann, loggen Sie sich bitte aus Ihrem Facebook-Benutzerkonto aus.<br \/>\n<strong>7. Rechtswirksamkeit dieses Haftungsausschlusses<\/strong><br \/>\nDieser Haftungsausschluss ist als Teil des Internetangebotes zu betrachten. Sofern Teile oder einzelne Formulierungen dieses Textes der geltenden Rechtslage nicht, nicht mehr oder nicht vollst\u00e4ndig entsprechen sollten, bleiben die \u00fcbrigen Teile des Dokumentes in ihrem Inhalt und ihrer G\u00fcltigkeit davon unber\u00fchrt.<\/p>\n<p>Fotos: Stefan Wollin e-studio, Main-Hotel-Eckert, fotolia: Seite W\u00fcrzburg: Altstadt: Rainer Albiez, Maintal: XtravaganT<\/p>\n","protected":false},"excerpt":{"rendered":"<p>Impressum und Allgemeine Gesch\u00e4ftsbedingungen Verantwortlich f\u00fcr den Inhalt dieser Homepage: Main Hotel Eckert**** Friedenstra\u00dfe 41 &#8211; 45 D-97276 Margetsh\u00f6chheim in Firma: Gesch\u00e4ftsf\u00fchrer: Herr Xingqin Zhang USt-ID-Nr.: DE311 917 107 Telefon: +49 (0) 931 &#8211; 46850 Telefax: +49 (0) 931 &#8211; 4685100 info@main-hotel-eckert.de www.Main-Hotel-Eckert.de Allgemeine Gesch\u00e4ftsbedingungen Haftungsausschluss 1. Inhalt des Onlineangebotes Wir \u00fcbernehmen keinerlei Gew\u00e4hr f\u00fcr &hellip;<\/p>\n<p class=\"read-more\"> <a class=\"\" href=\"https:\/\/mheuk.pre2press.de\/?page_id=22\"> <span class=\"screen-reader-text\">Impressum &#038; Agb<\/span> Weiterlesen &raquo;<\/a><\/p>\n","protected":false},"author":1,"featured_media":0,"parent":0,"menu_order":0,"comment_status":"closed","ping_status":"closed","template":"","meta":[],"_links":{"self":[{"href":"https:\/\/mheuk.pre2press.de\/index.php?rest_route=\/wp\/v2\/pages\/22"}],"collection":[{"href":"https:\/\/mheuk.pre2press.de\/index.php?rest_route=\/wp\/v2\/pages"}],"about":[{"href":"https:\/\/mheuk.pre2press.de\/index.php?rest_route=\/wp\/v2\/types\/page"}],"author":[{"embeddable":true,"href":"https:\/\/mheuk.pre2press.de\/index.php?rest_route=\/wp\/v2\/users\/1"}],"replies":[{"embeddable":true,"href":"https:\/\/mheuk.pre2press.de\/index.php?rest_route=%2Fwp%2Fv2%2Fcomments&post=22"}],"version-history":[{"count":14,"href":"https:\/\/mheuk.pre2press.de\/index.php?rest_route=\/wp\/v2\/pages\/22\/revisions"}],"predecessor-version":[{"id":311,"href":"https:\/\/mheuk.pre2press.de\/index.php?rest_route=\/wp\/v2\/pages\/22\/revisions\/311"}],"wp:attachment":[{"href":"https:\/\/mheuk.pre2press.de\/index.php?rest_route=%2Fwp%2Fv2%2Fmedia&parent=22"}],"curies":[{"name":"wp","href":"https:\/\/api.w.org\/{rel}","templated":true}]}}